53, 1151
What are the prime factors of 202042027?
11, 73, 251609
What are the prime factors of 2421676671?
3, 113, 7143589
List the prime factors of 282828034.
2, 19, 53, 317, 443
List the prime factors of 32330923.
17, 31, 1979
What are the prime factors of 241019294?
2, 19, 229, 27697
What are the prime factors of 835145476?
2, 11, 18980579
What are the prime factors of 67160230?
2, 5, 23, 29, 10069
List the prime factors of 371332593.
3, 263, 17431
List the prime factors of 242659036.
2, 60664759
List the prime factors of 1163943886.
2, 7, 83138849
What are the prime factors of 1817220145?
5, 13, 27957233
What are the prime factors of 34482977?
34482977
List the prime factors of 59414700.
2, 3, 5, 73, 2713
List the prime factors of 1694550693.
3, 11, 51350021
What are the prime factors of 83516677?
439, 190243
List the prime factors of 18612107.
769, 24203
List the prime factors of 200785608.
2, 3, 683, 1361
What are the prime factors of 257952293?
257952293
What are the prime factors of 619419250?
2, 5, 79, 397
What are the prime factors of 1051916943?
3, 7, 11, 283, 16091
What are the prime factors of 39641417?
113, 350809
List the prime factors of 47358236.
2, 643, 18413
What are the prime factors of 645514854?
2, 3, 17, 19, 397, 839
What are the prime factors of 847718081?
7, 271, 63839
What are the prime factors of 150248140?
2, 5, 7, 1073201
What are the prime factors of 247764599?
41, 107, 56477
What are the prime factors of 124828341?
3, 11, 3782677
List the prime factors of 57575574.
2, 3, 7, 456949
What are the prime factors of 2223532337?
13, 23, 1097, 6779
List the prime factors of 1829582938.
2, 3709, 246641
What are the prime factors of 652638151?
11, 59330741
List the prime factors of 891023823.
3, 99002647
What are the prime factors of 66844237?
37, 239, 7559
List the prime factors of 1189176953.
53, 967, 23203
What are the prime factors of 1565855412?
2, 3, 11, 367, 32323
List the prime factors of 1268026723.
3209, 395147
What are the prime factors of 53170226?
2, 107, 367, 677
What are the prime factors of 17350988?
2, 1877, 2311
What are the prime factors of 1044845391?
3, 47, 281, 26371
List the prime factors of 58911812.
2, 14727953
List the prime factors of 1520166236.
2, 6491, 58549
List the prime factors of 463092899.
89, 379, 13729
What are the prime factors of 4827280368?
2, 3, 100568341
List the prime factors of 2123178815.
5, 424635763
List the prime factors of 8945712.
2, 3, 23, 37, 73
List the prime factors of 33644830.
2, 5, 163, 20641
What are the prime factors of 3712241850?
2, 3, 5, 19, 733, 1777
What are the prime factors of 35116032?
2, 3, 7, 23, 71
List the prime factors of 52774352.
2, 877, 3761
What are the prime factors of 58048005?
3, 5, 37, 41, 2551
List the prime factors of 267497274.
2, 3, 11, 4052989
What are the prime factors of 1586219326?
2, 793109663
List the prime factors of 968902980.
2, 3, 5, 41, 393863
What are the prime factors of 835326617?
835326617
List the prime factors of 434927610.
2, 3, 5, 13, 123911
List the prime factors of 6656246702.
2, 7, 475446193
List the prime factors of 1239149827.
4253, 291359
What are the prime factors of 9303935?
5, 929, 2003
List the prime factors of 1090324333.
7, 487, 45691
List the prime factors of 34496063.
7, 1483, 3323
List the prime factors of 30997420.
2, 5, 59, 109, 241
List the prime factors of 102314169.
3, 11368241
What are the prime factors of 36112001?
23, 1570087
List the prime factors of 50671911.
3, 16890637
What are the prime factors of 160481618?
2, 11, 7294619
What are the prime factors of 267074764?
2, 11, 281, 21601
What are the prime factors of 1846705702?
2, 149, 6196999
List the prime factors of 32178850.
2, 5, 11, 41, 1427
List the prime factors of 9225267.
3, 3075089
What are the prime factors of 17544815?
5, 1063, 3301
What are the prime factors of 1325622732?
2, 3, 7, 15781223
What are the prime factors of 232317629?
3623, 64123
List the prime factors of 7101636.
2, 3, 29, 20407
What are the prime factors of 832108410?
2, 3, 5, 7, 440269
List the prime factors of 118681074.
2, 3, 197, 33469
What are the prime factors of 3161203095?
3, 5, 2939, 71707
What are the prime factors of 2429469123?
3, 809823041
List the prime factors of 2234654976.
2, 3, 23, 73, 1733
List the prime factors of 1855947401.
7, 11, 31, 73, 10651
List the prime factors of 2680209605.
5, 11981, 44741
What are the prime factors of 126659142?
2, 3, 773, 9103
List the prime factors of 2953805338.
2, 11, 134263879
What are the prime factors of 69843835?
5, 13968767
List the prime factors of 27049774.
2, 227, 59581
What are the prime factors of 2406688074?
2, 3, 7, 79, 241781
What are the prime factors of 82311331?
17, 43, 112601
What are the prime factors of 3599542958?
2, 11, 163615589
What are the prime factors of 100317740?
2, 5, 47, 106721
List the prime factors of 86385369.
3, 7, 4113589
List the prime factors of 36695189.
23, 229, 6967
List the prime factors of 39529837.
151, 261787
What are the prime factors of 132007984?
2, 269, 30671
List the prime factors of 34116227.
34116227
What are the prime factors of 370085125?
5, 2960681
List the prime factors of 230982986.
2, 13, 2539, 3499
List the prime factors of 11795418.
2, 3, 655301
List the prime factors of 162635293.
162635293
What are the prime factors of 15457390?
2, 5, 13, 118903
What are the prime factors of 49732194?
2, 3, 1549, 5351
What are the prime factors of 2210617802?
2, 71, 15567731
List the prime factors of 1616472223.
23, 677, 103813
List the prime factors of 480362978.
2, 19, 313, 40387
List the prime factors of 843643015.
5, 43, 89, 44089
List the prime factors of 87532551.
3, 9725839
What are the prime factors of 70363706?
2, 7, 14653
List the prime factors of 1689113606.
2, 23, 36719861
What are the prime factors of 1039931781?
3, 7, 239, 207199
What are the prime factors of 391693943?
733, 534371
What are the prime factors of 27982015?
5, 5596403
What are the prime factors of 1724657884?
2, 2081, 207191
List the prime factors of 1555634329.
19, 81875491
What are the prime factors of 578051407?
37, 15623011
What are the prime factors of 92166178?
2, 13, 367, 743
List the prime factors of 458214072.
2, 3, 67, 233, 1223
List the prime factors of 1630574027.
367, 2039, 2179
What are the prime factors of 1035976647?
3, 251, 1375799
What are the prime factors of 43095053?
31, 79, 17597
What are the prime factors of 672709903?
672709903
List the prime factors of 18438936.
2, 3, 67, 11467
List the prime factors of 554310208.
2, 223, 38839
What are the prime factors of 3184248462?
2, 3, 530708077
What are the prime factors of 3041579497?
11, 17, 16265131
What are the prime factors of 2465621079?
3, 821873693
What are the prime factors of 30732201?
3, 3414689
What are the prime factors of 174424083?
3, 73, 647, 1231
List the prime factors of 3512744421.
3, 47, 24913081
What are the prime factors of 3724831?
11, 307, 1103
List the prime factors of 363002128.
2, 22687633
What are the prime factors of 4255927912?
2, 23, 467, 49529
What are the prime factors of 83186108?
2, 20796527
List the prime factors of 1186885788.
2, 3, 11, 8991559
What are the prime factors of 3952378322?
2, 3259, 606379
List the prime factors of 479467008.
2, 3, 67, 1553
List the prime factors of 724063120.
2, 5, 11, 151, 5449
List the prime factors of 85410548.
2, 19, 127, 8849
List the prime factors of 6920582175.
3, 5, 13, 2366011
List the prime factors of 184808787.
3, 61602929
What are the prime factors of 3159887795?
5, 1021, 618979
List the prime factors of 3355771716.
2, 3, 11, 19, 446009
List the prime factors of 315613796.
2, 127, 331, 1877
What are the prime factors of 40505938?
2, 11, 1181, 1559
What are the prime factors of 316492010?
2, 5, 89, 355609
What are the prime factors of 335378800?
2, 5, 838447
What are the prime factors of 163415700?
2, 3, 5, 7, 25939
List the prime factors of 65151326.
2, 32575663
What are the prime factors of 91405692?
2, 3, 7, 120907
List the prime factors of 238461539.
23, 59, 175727
What are the prime factors of 402168837?
3, 7, 1021, 18757
List the prime factors of 241759233.
3, 23, 1167919
What are the prime factors of 778989893?
11, 6437933
List the prime factors o